{"id":4224,"date":"2026-04-11T12:40:32","date_gmt":"2026-04-11T15:40:32","guid":{"rendered":"https:\/\/kenkedelicias.com.br\/?post_type=product&#038;p=4224"},"modified":"2026-04-11T12:40:32","modified_gmt":"2026-04-11T15:40:32","slug":"bala-baiana","status":"publish","type":"product","link":"https:\/\/kenkedelicias.com.br\/index.php\/produto\/bala-baiana\/","title":{"rendered":"Bala Baiana"},"content":{"rendered":"<p data-start=\"0\" data-end=\"188\">A <strong data-start=\"2\" data-end=\"17\">Bala Baiana<\/strong> \u00e9 um doce tradicional brasileiro, muito popular principalmente no estado da <span class=\"hover:entity-accent entity-underline inline cursor-pointer align-baseline\"><span class=\"whitespace-normal\">Bahia<\/span><\/span> \u2014 embora hoje seja encontrado em v\u00e1rias regi\u00f5es do pa\u00eds.<\/p>\n<h3 data-section-id=\"11reuyt\" data-start=\"190\" data-end=\"219\">\ud83c\udf6c O que \u00e9 a Bala Baiana?<\/h3>\n<p data-start=\"220\" data-end=\"466\">\u00c9 um doce feito com uma base de <strong data-start=\"252\" data-end=\"269\">coco e a\u00e7\u00facar<\/strong>, parecido com um recheio de cocada cremosa, envolvido por uma <strong data-start=\"332\" data-end=\"373\">casquinha dura de a\u00e7\u00facar caramelizado<\/strong> por fora. Essa combina\u00e7\u00e3o cria um contraste delicioso: crocante por fora e macio por dentro.<\/p>\n<p>\ud83c\udf6d Caracter\u00edsticas<\/p>\n<ul data-start=\"922\" data-end=\"1079\">\n<li data-section-id=\"1efncyc\" data-start=\"922\" data-end=\"971\">Textura: crocante por fora e macia por dentro<\/li>\n<li data-section-id=\"15hkm9o\" data-start=\"972\" data-end=\"1020\">Sabor: doce intenso com destaque para o coco<\/li>\n<li data-section-id=\"4qwz3s\" data-start=\"1021\" data-end=\"1079\">Apar\u00eancia: geralmente brilhante, com tom dourado claro<\/li>\n<\/ul>\n<h3 data-section-id=\"1a0y8e1\" data-start=\"1081\" data-end=\"1100\">\ud83d\udccd Curiosidades<\/h3>\n<ul data-start=\"1101\" data-end=\"1358\">\n<li data-section-id=\"14uw401\" data-start=\"1101\" data-end=\"1229\">Apesar do nome \u201cbaiana\u201d, a origem exata n\u00e3o \u00e9 totalmente documentada, mas \u00e9 fortemente associada \u00e0 cultura doceira da Bahia.<\/li>\n<li data-section-id=\"17nrya8\" data-start=\"1230\" data-end=\"1286\">\u00c9 muito comum em festas, casamentos e lembrancinhas.<\/li>\n<li data-section-id=\"tdqoc\" data-start=\"1287\" data-end=\"1358\">Tamb\u00e9m \u00e9 chamada em algumas regi\u00f5es de <strong data-start=\"1328\" data-end=\"1357\">bala de coco caramelizada<\/strong>.<\/li>\n<\/ul>\n","protected":false},"excerpt":{"rendered":"<p>A <strong data-start=\"2\" data-end=\"17\">Bala Baiana<\/strong> \u00e9 um doce tradicional brasileiro, muito popular principalmente no estado da <span class=\"hover:entity-accent entity-underline inline cursor-pointer align-baseline\"><span class=\"whitespace-normal\">Bahia<\/span><\/span> \u2014 embora hoje seja encontrado em v\u00e1rias regi\u00f5es do pa\u00eds.<\/p>\n","protected":false},"featured_media":4217,"comment_status":"open","ping_status":"closed","template":"","meta":[],"product_brand":[55],"product_cat":[56],"product_tag":[57],"class_list":{"0":"post-4224","1":"product","2":"type-product","3":"status-publish","4":"has-post-thumbnail","6":"product_brand-kenke-delicias","7":"product_cat-balas","8":"product_tag-bala-baiana","10":"first","11":"instock","12":"sale","13":"shipping-taxable","14":"purchasable","15":"product-type-simple"},"aioseo_notices":[],"_links":{"self":[{"href":"https:\/\/kenkedelicias.com.br\/index.php\/wp-json\/wp\/v2\/product\/4224","targetHints":{"allow":["GET"]}}],"collection":[{"href":"https:\/\/kenkedelicias.com.br\/index.php\/wp-json\/wp\/v2\/product"}],"about":[{"href":"https:\/\/kenkedelicias.com.br\/index.php\/wp-json\/wp\/v2\/types\/product"}],"replies":[{"embeddable":true,"href":"https:\/\/kenkedelicias.com.br\/index.php\/wp-json\/wp\/v2\/comments?post=4224"}],"wp:featuredmedia":[{"embeddable":true,"href":"https:\/\/kenkedelicias.com.br\/index.php\/wp-json\/wp\/v2\/media\/4217"}],"wp:attachment":[{"href":"https:\/\/kenkedelicias.com.br\/index.php\/wp-json\/wp\/v2\/media?parent=4224"}],"wp:term":[{"taxonomy":"product_brand","embeddable":true,"href":"https:\/\/kenkedelicias.com.br\/index.php\/wp-json\/wp\/v2\/product_brand?post=4224"},{"taxonomy":"product_cat","embeddable":true,"href":"https:\/\/kenkedelicias.com.br\/index.php\/wp-json\/wp\/v2\/product_cat?post=4224"},{"taxonomy":"product_tag","embeddable":true,"href":"https:\/\/kenkedelicias.com.br\/index.php\/wp-json\/wp\/v2\/product_tag?post=4224"}],"curies":[{"name":"wp","href":"https:\/\/api.w.org\/{rel}","templated":true}]}}