{"id":4225,"date":"2026-04-11T12:43:35","date_gmt":"2026-04-11T15:43:35","guid":{"rendered":"https:\/\/kenkedelicias.com.br\/?post_type=product&#038;p=4225"},"modified":"2026-04-11T12:43:35","modified_gmt":"2026-04-11T15:43:35","slug":"barra-de-chocolate","status":"publish","type":"product","link":"https:\/\/kenkedelicias.com.br\/index.php\/produto\/barra-de-chocolate\/","title":{"rendered":"Barra de Chocolate"},"content":{"rendered":"<h3 data-section-id=\"f0pebr\" data-start=\"190\" data-end=\"228\">\ud83c\udf6b O que \u00e9 uma barra de chocolate?<\/h3>\n<p data-start=\"229\" data-end=\"400\">\u00c9 um produto feito a partir do cacau, moldado em formato retangular (ou em tabletes), podendo ser dividido em peda\u00e7os. Pode ser consumida pura ou com recheios e inclus\u00f5es.<\/p>\n<hr data-start=\"402\" data-end=\"405\" \/>\n<p data-start=\"530\" data-end=\"565\">Dependendo da receita, pode conter:<\/p>\n<ul data-start=\"566\" data-end=\"641\">\n<li data-section-id=\"1q4r6j\" data-start=\"566\" data-end=\"598\">Castanhas, amendoim ou avel\u00e3<\/li>\n<li data-section-id=\"1ladij6\" data-start=\"599\" data-end=\"611\">Caramelo<\/li>\n<li data-section-id=\"18ifxxq\" data-start=\"612\" data-end=\"624\">Biscoito<\/li>\n<li data-section-id=\"1gerz60\" data-start=\"625\" data-end=\"641\">Frutas secas<\/li>\n<\/ul>\n<hr data-start=\"643\" data-end=\"646\" \/>\n<h3 data-section-id=\"13dl914\" data-start=\"648\" data-end=\"672\">\ud83c\udf6c Tipos mais comuns<\/h3>\n<ul data-start=\"673\" data-end=\"911\">\n<li data-section-id=\"5v62kt\" data-start=\"673\" data-end=\"720\"><strong data-start=\"675\" data-end=\"697\">Chocolate ao leite<\/strong>: mais doce e cremoso<\/li>\n<li data-section-id=\"17q0hdw\" data-start=\"721\" data-end=\"783\"><strong data-start=\"723\" data-end=\"748\">Chocolate meio amargo<\/strong>: equil\u00edbrio entre doce e intenso<\/li>\n<li data-section-id=\"7p0om3\" data-start=\"784\" data-end=\"837\"><strong data-start=\"786\" data-end=\"806\">Chocolate amargo<\/strong>: maior concentra\u00e7\u00e3o de cacau<\/li>\n<li data-section-id=\"so7vs3\" data-start=\"838\" data-end=\"911\"><strong data-start=\"840\" data-end=\"860\">Chocolate branco<\/strong>: feito com manteiga de cacau, sem massa de cacau<\/li>\n<\/ul>\n<hr data-start=\"913\" data-end=\"916\" \/>\n<p>&nbsp;<\/p>\n","protected":false},"excerpt":{"rendered":"<h3 data-section-id=\"f0pebr\" data-start=\"190\" data-end=\"228\">\ud83c\udf6b O que \u00e9 uma barra de chocolate?<\/h3>\n<p data-start=\"229\" data-end=\"400\">\u00c9 um produto feito a partir do cacau, moldado em formato retangular (ou em tabletes), podendo ser dividido em peda\u00e7os. Pode ser consumida pura ou com recheios e inclus\u00f5es.<\/p>\n","protected":false},"featured_media":4226,"comment_status":"open","ping_status":"closed","template":"","meta":[],"product_brand":[55],"product_cat":[58],"product_tag":[59],"class_list":{"0":"post-4225","1":"product","2":"type-product","3":"status-publish","4":"has-post-thumbnail","6":"product_brand-kenke-delicias","7":"product_cat-barras","8":"product_tag-barra-de-chocolate","10":"first","11":"instock","12":"sale","13":"shipping-taxable","14":"purchasable","15":"product-type-simple"},"aioseo_notices":[],"_links":{"self":[{"href":"https:\/\/kenkedelicias.com.br\/index.php\/wp-json\/wp\/v2\/product\/4225","targetHints":{"allow":["GET"]}}],"collection":[{"href":"https:\/\/kenkedelicias.com.br\/index.php\/wp-json\/wp\/v2\/product"}],"about":[{"href":"https:\/\/kenkedelicias.com.br\/index.php\/wp-json\/wp\/v2\/types\/product"}],"replies":[{"embeddable":true,"href":"https:\/\/kenkedelicias.com.br\/index.php\/wp-json\/wp\/v2\/comments?post=4225"}],"wp:featuredmedia":[{"embeddable":true,"href":"https:\/\/kenkedelicias.com.br\/index.php\/wp-json\/wp\/v2\/media\/4226"}],"wp:attachment":[{"href":"https:\/\/kenkedelicias.com.br\/index.php\/wp-json\/wp\/v2\/media?parent=4225"}],"wp:term":[{"taxonomy":"product_brand","embeddable":true,"href":"https:\/\/kenkedelicias.com.br\/index.php\/wp-json\/wp\/v2\/product_brand?post=4225"},{"taxonomy":"product_cat","embeddable":true,"href":"https:\/\/kenkedelicias.com.br\/index.php\/wp-json\/wp\/v2\/product_cat?post=4225"},{"taxonomy":"product_tag","embeddable":true,"href":"https:\/\/kenkedelicias.com.br\/index.php\/wp-json\/wp\/v2\/product_tag?post=4225"}],"curies":[{"name":"wp","href":"https:\/\/api.w.org\/{rel}","templated":true}]}}