{"id":4530,"date":"2026-04-29T23:44:50","date_gmt":"2026-04-30T02:44:50","guid":{"rendered":"https:\/\/kenkedelicias.com.br\/?post_type=product&#038;p=4530"},"modified":"2026-05-04T20:09:48","modified_gmt":"2026-05-04T23:09:48","slug":"pao-de-mel-com-recheio-de-coco","status":"publish","type":"product","link":"https:\/\/kenkedelicias.com.br\/index.php\/produto\/pao-de-mel-com-recheio-de-coco\/","title":{"rendered":"P\u00e3o de Mel com Recheio de Coco"},"content":{"rendered":"<p data-start=\"0\" data-end=\"192\"><strong>M\u00ednimo 10 unidades<\/strong><\/p>\n<p data-start=\"0\" data-end=\"191\">O <strong data-start=\"2\" data-end=\"36\">p\u00e3o de mel com recheio de coco<\/strong> \u00e9 uma vers\u00e3o deliciosa e aconchegante desse cl\u00e1ssico, trazendo a combina\u00e7\u00e3o perfeita entre a massa arom\u00e1tica e o sabor suave e levemente tropical do coco.<\/p>\n<p data-start=\"193\" data-end=\"474\">A massa \u00e9 feita com <strong data-start=\"213\" data-end=\"261\">mel, chocolate, a\u00e7\u00facar mascavo e especiarias<\/strong> como canela e cravo, resultando em um p\u00e3o de mel macio, \u00famido e cheio de sabor. O recheio de <strong data-start=\"355\" data-end=\"363\">coco<\/strong> adiciona cremosidade e um toque delicado, equilibrando a intensidade das especiarias com uma do\u00e7ura mais leve.<\/p>\n<p data-start=\"476\" data-end=\"612\">Geralmente, \u00e9 <strong data-start=\"490\" data-end=\"514\">banhado no chocolate<\/strong>, formando uma casquinha fina por fora que contrasta com a maciez da massa e a textura do recheio.<\/p>\n","protected":false},"excerpt":{"rendered":"<p data-start=\"0\" data-end=\"192\"><strong>M\u00ednimo 10 unidades<\/strong><\/p>\n<p data-start=\"0\" data-end=\"191\">O <strong data-start=\"2\" data-end=\"36\">p\u00e3o de mel com recheio de coco<\/strong> \u00e9 uma vers\u00e3o deliciosa e aconchegante desse cl\u00e1ssico, trazendo a combina\u00e7\u00e3o perfeita entre a massa arom\u00e1tica e o sabor suave e levemente tropical do coco.<\/p>\n","protected":false},"featured_media":4523,"comment_status":"open","ping_status":"closed","template":"","meta":[],"product_brand":[55],"product_cat":[66],"product_tag":[],"class_list":{"0":"post-4530","1":"product","2":"type-product","3":"status-publish","4":"has-post-thumbnail","6":"product_brand-kenke-delicias","7":"product_cat-pao-demel","9":"first","10":"onbackorder","11":"shipping-taxable","12":"purchasable","13":"product-type-simple"},"_links":{"self":[{"href":"https:\/\/kenkedelicias.com.br\/index.php\/wp-json\/wp\/v2\/product\/4530","targetHints":{"allow":["GET"]}}],"collection":[{"href":"https:\/\/kenkedelicias.com.br\/index.php\/wp-json\/wp\/v2\/product"}],"about":[{"href":"https:\/\/kenkedelicias.com.br\/index.php\/wp-json\/wp\/v2\/types\/product"}],"replies":[{"embeddable":true,"href":"https:\/\/kenkedelicias.com.br\/index.php\/wp-json\/wp\/v2\/comments?post=4530"}],"wp:featuredmedia":[{"embeddable":true,"href":"https:\/\/kenkedelicias.com.br\/index.php\/wp-json\/wp\/v2\/media\/4523"}],"wp:attachment":[{"href":"https:\/\/kenkedelicias.com.br\/index.php\/wp-json\/wp\/v2\/media?parent=4530"}],"wp:term":[{"taxonomy":"product_brand","embeddable":true,"href":"https:\/\/kenkedelicias.com.br\/index.php\/wp-json\/wp\/v2\/product_brand?post=4530"},{"taxonomy":"product_cat","embeddable":true,"href":"https:\/\/kenkedelicias.com.br\/index.php\/wp-json\/wp\/v2\/product_cat?post=4530"},{"taxonomy":"product_tag","embeddable":true,"href":"https:\/\/kenkedelicias.com.br\/index.php\/wp-json\/wp\/v2\/product_tag?post=4530"}],"curies":[{"name":"wp","href":"https:\/\/api.w.org\/{rel}","templated":true}]}}